*2 - 124*r - 381. Calculate h(-3).
27
Let f(a) = 1149*a - 48254. Calculate f(42).
4
Let o(d) = -d**2 - 3*d + 18. Give o(-8).
-22
Let h(y) = -2*y**2 - 20*y + 292. Give h(-20).
-108
Let h(x) = 334*x + 1320. Calculate h(-5).
-350
Let w(h) = 44*h - 21. Give w(3).
111
Let g(r) = 2*r + 141. Give g(-63).
15
Let a(u) = -64*u - 107. Calculate a(-2).
21
Let z(y) = -y**3 + 16*y**2 + 112*y + 33. What is z(-5)?
-2
Let c(y) = -6*y + 480. What is c(65)?
90
Let r(j) = -3*j**2 + 37*j - 68. Determine r(17).
-306
Let b(j) = j**3 + 7*j**2 - 27*j - 183. What is b(-7)?
6
Let l(n) = -34*n + 1207. Determine l(35).
17
Let t(x) = -x**3 - 26*x**2 + 37*x - 545. Calculate t(-28).
-13
Let k(n) = 2*n**3 - 8*n**2 - 9*n - 9. Calculate k(5).
-4
Let j(q) = 171*q**2 + 41*q - 40. What is j(1)?
172
Let q(w) = -716*w - 8. Give q(0).
-8
Let t(m) = m**3 - 37*m**2 - 36*m - 79. Determine t(38).
-3
Let t(d) = -112*d + 1112. Give t(10).
-8
Let u(c) = 59*c - 102. What is u(-6)?
-456
Let x(t) = -33*t - 11. Determine x(1).
-44
Let g(s) = -s**3 + 23*s**2 + 56*s - 166. Give g(25).
-16
Let a(r) = 1813*r - 7257. Determine a(4).
-5
Let x(j) = 115*j - 34735. Determine x(302).
-5
Let h(r) = -5*r**2 + 3*r - 8. Determine h(5).
-118
Let j(r) = -13*r + 247. What is j(19)?
0
Let h(w) = w**3 - 79*w - 11. Give h(9).
7
Let q(f) = -2*f**2 - 2916*f - 20312. Give q(-7).
2
Let i(t) = -10*t**2 + 1378*t - 1100. Calculate i(137).
-4
Let r(u) = 44*u - 379. Calculate r(12).
149
Let l(w) = 15*w**2 - 100*w + 1. Give l(7).
36
Let s(n) = -2*n**2 - 57*n - 73. Give s(-27).
8
Let n(g) = -3388*g - 44039. Give n(-13).
5
Let p(y) = y**2 - 125*y + 1479. Determine p(111).
-75
Let x(h) = -2*h**3 + 2*h**2 + h + 5. What is x(4)?
-87
Let i(p) = -53*p - 2799. Calculate i(-53).
10
Let h(r) = 3*r**2 - 370*r - 11994. Determine h(150).
6
Let f(u) = 40*u - 305. Give f(8).
15
Let g(h) = 18*h + 183. Give g(-7).
57
Let a(i) = -108*i - 56. Calculate a(-2).
160
Let j(f) = -33*f + 200. Calculate j(0).
200
Let s(o) = o**3 + 48*o**2 + 54*o - 1686. Calculate s(-46).
62
Let t(n) = -n**3 - 23*n**2 + 21*n - 726. Determine t(-25).
-1
Let x(p) = p**3 - 193*p**2 + 4202*p - 341. Determine x(168).
-5
Let i(w) = -302*w - 15111. What is i(-50)?
-11
Let w(y) = -10*y + 642. Determine w(65).
-8
Let q(t) = t**2 - 2*t - 38. What is q(-14)?
186
Let h(w) = 3*w**2 + 2*w - 8847. Give h(54).
9
Let w(q) = q**2 + 16*q + 22. What is w(-13)?
-17
Let w(q) = -2*q**3 + 62*q**2 - 5*q + 149. Calculate w(31).
-6
Let q(b) = -b**2 - 13*b + 64. Give q(-15).
34
Let m(s) = 2*s**3 + 81*s**2 + 197*s + 10. Calculate m(-38).
-256
Let j(k) = -702*k + 10594. Determine j(15).
64
Let h(p) = -22*p + 618. What is h(27)?
24
Let z(p) = 6*p**3 - 14*p**2 - p + 12. Give z(2).
2
Let y(w) = 61*w - 7504. Determine y(123).
-1
Let w(f) = 34*f + 1995. Determine w(-59).
-11
Let d(v) = -52*v - 445. Calculate d(-21).
647
Let j(u) = -10*u**3 - 431*u**2 - 49*u - 289. Calculate j(-43).
-31
Let g(x) = 2356*x - 37698. Determine g(16).
-2
Let y(b) = -1132*b + 38501. Determine y(34).
13
Let w(l) = l**2 + 36*l - 120. Calculate w(-40).
40
Let o(r) = -r**3 + 43*r**2 - 285*r + 28. Calculate o(35).
-147
Let u(z) = -48386*z + 48394. Determine u(1).
8
Let z(o) = 1370*o - 4155. Give z(3).
-45
Let j(r) = -2*r**2 + 545*r + 2207. What is j(-4)?
-5
Let o(t) = 6*t**2 + 138*t + 212. Calculate o(-21).
-40
Let q(n) = -n**3 + 23*n**2 - 93*n + 49. Calculate q(5).
34
Let n(q) = -49*q - 3673. Give n(-75).
2
Let w(c) = 38*c**2 - 10*c - 87. Determine w(0).
-87
Let o(v) = -4*v**2 + 641*v - 802. What is o(159)?
-7
Let g(l) = -133*l + 30. Determine g(4).
-502
Let j(a) = 2*a**3 + 6*a**2 + 13*a - 3. Calculate j(-2).
-21
Let i(t) = 65*t**3 - 3*t**2 + 1005*t - 1003. Give i(1).
64
Let y(c) = -c**3 + 10*c**2 - 4*c - 45. Determine y(8).
51
Let c(l) = -3*l**2 - 35*l - 191. What is c(-5)?
-91
Let a(t) = -70*t**2 + 265*t - 24. What is a(4)?
-84
Let n(f) = -2*f**3 - 20*f**2 + 5*f + 119. Determine n(-9).
-88
Let q(g) = -19*g**2 - 65*g + 370. What is q(3)?
4
Let j(w) = w**3 - 13*w**2 - 7*w - 2. What is j(15)?
343
Let u(j) = -2*j**2 + 30*j - 73. Calculate u(13).
-21
Let x(w) = 122*w + 1166. What is x(-10)?
-54
Let y(t) = 229*t + 2032. Give y(-9).
-29
Let o(p) = 39*p**2 + 9*p + 11. Give o(-2).
149
Let x(n) = 11*n**2 + 194*n - 385. Determine x(2).
47
Let y(b) = 104*b + 2211. Give y(-20).
131
Let c(j) = 3*j**3 + 7*j**2 + 8*j + 33. Calculate c(-4).
-79
Let u(d) = 2*d**2 + 32*d - 33. Calculate u(-17).
1
Let q(y) = 8*y**2 + 9*y - 94. Determine q(-8).
346
Let o(w) = 5*w**3 - 31*w**2 - 12*w - 125. What is o(7)?
-13
Let f(t) = -2*t**2 + 5*t + 219. What is f(12)?
-9
Let g(j) = -j**3 - 16*j**2 + 5*j + 65. Calculate g(-16).
-15
Let x(w) = -18*w**2 - w. Give x(-2).
-70
Let i(g) = -2*g**2 + 53*g + 95. Calculate i(28).
11
Let p(w) = -97*w - 2871. Determine p(-30).
39
Let q(s) = s**3 - 27*s**2 + 141*s - 6. Give q(20).
14
Let s(r) = 2*r**3 - 182*r**2 + 98*r - 8921. What is s(91)?
-3
Let k(j) = 2*j**2 - 127*j + 1999. What is k(28)?
11
Let r(n) = -23*n**2 - 71*n + 1637. Calculate r(7).
13
Let y(x) = 5*x**2 - 31*x + 4. Determine y(6).
-2
Let k(b) = -b**2 - 44*b + 206. Determine k(-49).
-39
Let m(j) = 295*j + 1471. Calculate m(-5).
-4
Let g(r) = 89*r + 1991. Calculate g(-22).
33
Let o(a) = -23*a**2 + 62*a + 14. Give o(0).
14
Let a(x) = -122*x + 225. What is a(4)?
-263
Let z(i) = i**3 - 95*i**2 - 6*i + 551. Determine z(95).
-19
Let k(b) = -b + 27. Determine k(-23).
50
Let v(r) = -r**3 + 25*r**2 + 118*r + 7. What is v(-4)?
-1
Let m(v) = v**3 + 238*v**2 - 208*v + 7417. Calculate m(-239).
8
Let c(r) = -2*r**2 + 55*r + 173. Give c(30).
23
Let u(d) = d**3 + 90*d**2 - 733*d + 4994. What is u(-98)?
-4
Let l(b) = b**2 + 186*b + 8175. Give l(-71).
10
Let x(t) = -t**2 - 25*t + 146. Give x(7).
-78
Let r(f) = -f**3 + 17*f**2 - 6*f + 132. Give r(17).
30
Let v(k) = -45*k**2 + 768*k - 54. Calculate v(17).
-3
Let d(l) = 1353*l - 12206. Give d(9).
-29
Let u(h) = 2*h**2 - 195*h + 1514. Determine u(89).
1
Let l(k) = 2*k**2 - 110*k + 1320. What is l(17)?
28
Let r(n) = 36*n + 164. Determine r(10).
524
Let a(n) = 63*n - 1009. Calculate a(8).
-505
Let w(k) = -403*k + 10490. Give w(26).
12
Let m(f) = -149*f - 1040. Determine m(-7).
3
Let f(n) = n**2 + 106*n - 216. Determine f(-108).
0
Let j(o) = o**3 - 8*o**2 - 41*o - 330. Determine j(13).
-18
Let v(y) = -2138*y + 14989. Determine v(7).
23
Let g(x) = -38*x**3 - 5*x**2 - 299*x + 304. Calculate g(1).
-38
Let w(v) = -6*v**3 + 22*v**2 - 6*v + 1. Give w(3).
19
Let r(w) = 19*w**3 - 96*w**2 + 2*w + 17. Give r(5).
2
Let s(z) = z**2 - 80*z + 181. Determine s(70).
-519
Let m(l) = 4*l**3 + 585*l**2 + 588*l + 4. Determine m(-1).
-3
Let v(t) = t**3 - 11*t**2 - 2*t + 76. Give v(10).
-44
Let n(k) = 31*k**2 + 926*k - 108. Determine n(-30).
12
Let m(l) = -11*l**2 - 120*l + 15. Determine m(-5).
340
Let l(y) = y**2 + 68*y - 4783. What is l(43)?
-10
Let z(o) = 9*o - 413. What is z(47)?
10
Let z(j) = 193*j + 4040. What is z(-21)?
-13
Let q(m) = 77*m + 642. Give q(-9).
-51
Let f(p) = p**3 - 207*p**2 + 417*p - 1430. Determine f(205).
5
Let b(r) = 2*r**2 + 32*r - 749. Determine b(13).
5
Let l(v) = -932*v - 42865. What is l(-46)?
7
Let z(a) = -9*a + 97. What is z(4)?
61
Let k(f) = -380*f + 150. Give k(1).
-230
Let q(g) = g**3 + 5*g**2 + 4*g - 1. Give q(-5).
-21
Let j(g) = g**3 - 80*g**2 - 161*g - 221. Determine j(82).
25
Let d(r) = -71*r + 2303. Give d(33).
-40
Let u(z) = -z**2 + 27*z - 121. Determine u(21).
5
Let b(o) = -4*o**3 - o + 4. Determine b(-4).
264
Let g(t) = 40*t + 429. Give g(-11).
-11
Let j(c) = -c**3 - 15*c**2 - 5*c - 146. Give j(-15).
-71
Let i(o) = 2*o**2 - 151*o - 39. What is i(78)?
351
Let z(x) = 22*x + 604. Determine z(-14).
296
Let u(t) = 30*t - 723. Determine u(15).
-273
Let z(v) = -2*v**3 - 16*v**2 + 48*v - 206. Determine z(-11).
-8
Let q(h) = -2*h**2 + 17*h + 56. Determine q(15).
-139
Let b(t) = -3*t**2 - 138*t - 502. Calculate b(-4).
2
Let f(h) = -h**2 - 12*h - 22. Calculate f(-14).
-50
Let m(i) = i**2 + 36*i + 276. Calculate m(-26).
16
Let b(w) = w**3 + 10*w**2 - 21*w - 157. Calculate b(-6).
113
Let i(t) = 3*t**3 - 178*t**2 - 121*t + 57. Give i(60).
-3
Let t(j) = -42*j + 1213. Calculate t(29).
-5
Let u(x) = 18*x**2 + 148*x + 158. Determine u(-7).
4
Let y(w) = 4*w + 248. What is y(-65)?
-12
Let g(f) = 27*f - 1033. Determine g(39).
20
Let 